test common factor of c and 32.
4
Suppose 2*w = 3*y - 42, 0*y + 5*w + 51 = 3*y. Let o = 583 - 552. Let c be (-430)/(-18) + o/279. What is the greatest common divisor of y and c?
12
Suppose -347 = 17*r + 1948. Let i = r - -610. Calculate the greatest common factor of i and 25.
25
Let o be -1 - (-10 + 1) - (-4321)/29. Calculate the greatest common divisor of 5024 and o.
157
Suppose -5*y + 4*z + 5234 = 0, 0 = y - z - 215 - 831. Calculate the greatest common factor of 168 and y.
42
Suppose -z - 578 = 5*s + 3*z, 0 = 3*s + 3*z + 348. Let g = s - -125. Suppose -2*x - g*x + 1755 = 0. Calculate the highest common factor of 54 and x.
27
Let j be (12249248/(-69))/(-34) - ((-4)/6)/(-2). What is the highest common factor of 115 and j?
23
Let p(l) = l**3 + l**2 + 2*l + 12. Let x be p(3). Let w = 42 + -18. Calculate the highest common factor of w and x.
6
Suppose -5*z = -4*j - 0*j - 977, -5*j = 15. Let l = 208 - z. What is the highest common divisor of l and 285?
15
Let w(f) = 2*f**3 - 9*f**2 - f + 2. Let g = -107 - -112. Let d be w(g). Let l = 115 + -82. Calculate the highest common divisor of d and l.
11
Let c = -4111 - -4123. What is the greatest common factor of 255 and c?
3
Let x be (-1)/((-21)/(-12) + 1 + -3). Suppose 4*l + 2*i = -x + 210, -2*l + 91 = -3*i. What is the highest common divisor of 325 and l?
25
Let d be ((-4)/4 - 3) + (-50)/(-2). Suppose 5*c = v + 16, 3*c - 2*v = c. Let p be 3534/24 + (-1)/c. What is the greatest common factor of p and d?
21
Let m(s) = 510*s - 404. Let i be m(20). Calculate the greatest common divisor of 31 and i.
31
Let j be (4535/20 + -7)/(-1 + (-1393)/(-1372)). Calculate the greatest common factor of j and 49.
49
Let u be -1 - (-1)/(2/14). Suppose -d - 4*k + 0 - 5 = 0, -k = -2*d - 1. Let x be ((-2)/d - 0)/(2/u). What is the greatest common divisor of 18 and x?
6
Suppose -455*s = 241*s - 2255040. What is the highest common factor of s and 2520?
360
Let t be -20*(11/(-10) + 6/(-15)). Suppose t - 45 = -5*a. Let q be 68/4 + (a + 0 - 0). What is the greatest common divisor of q and 20?
20
Let l be 3/((-12)/(-28)) + (30 - 31). Calculate the greatest common factor of l and 1554.
6
Let x = 5115 + -3915. Calculate the greatest common factor of 1100 and x.
100
Let t(b) = 5*b**2 + 18*b - 527. Let l be t(-26). Calculate the highest common divisor of l and 45.
45
Let p be 177 - (-2)/4*-4. Suppose 0 = 9*i - 8*i - 25. What is the greatest common factor of i and p?
25
Let q be 20313/17 - (840/255)/(-28). What is the greatest common divisor of q and 3107?
239
Let z be (-61)/((-17 - 93/(-6))*2/15). What is the highest common factor of z and 55?
5
Suppose 28913 = t + 392*s - 395*s, -5*s - 28915 = -t. Calculate the highest common factor of t and 295.
295
Let k = 804 + -804. Suppose 48*s - 37836 - 3636 = k. What is the highest common divisor of 27 and s?
27
Let x(k) = -35*k - 47. Let s(w) = -69*w - 95. Let b(d) = -4*s(d) + 7*x(d). Let f be b(3). Calculate the greatest common factor of 16 and f.
16
Suppose 7*p + 1372 = 11*p. Suppose 11*l + 112 - p = 0. Suppose -2*o + 24 = 5*m, m = 3*m - 3*o - l. What is the greatest common factor of m and 2?
2
Let j be -42*15/(-10)*(-4)/(-6). Let z be (-38)/(-190) + 3778/10. What is the greatest common factor of z and j?
42
Let g = 342 + -342. Suppose h + 3*l - 149 + 30 = g, 5*h - 605 = -5*l. Calculate the highest common divisor of h and 305.
61
Suppose 4*x + 42 = 2. Let k be -1 - (-5 + 3) - x. Suppose -16*b + 539 = -9*b. Calculate the highest common divisor of b and k.
11
Suppose 3*j - 1440 = -4*z + 943, 4*z + 2*j = 2386. Calculate the highest common divisor of 736 and z.
46
Let i(v) = -v**3 + 7*v**2 + 40*v - 24. Let c be i(6). Calculate the highest common divisor of 324 and c.
36
Let t = -350 + 55. Let p be (-157058)/t + ((-3)/(-5))/1. What is the highest common divisor of 13 and p?
13
Suppose -2*u = -3*u + 16. Suppose -417 = 4*m + 155. Let c = m + 239. What is the highest common divisor of c and u?
16
Let u(p) = -p**3 - 2*p**2 + 78*p - 7. Let f be u(-10). What is the greatest common divisor of f and 377?
13
Suppose -14*t + 6991 = t + 1456. What is the greatest common factor of 1312 and t?
41
Let c(j) = -j**3 + 21*j**2 - 82*j - 49. Let q be c(9). Calculate the highest common divisor of 296 and q.
37
Let v be (-34)/(-187) + (-75)/(-11). Suppose 3*u = x - 72, -2*u - 234 = -3*x + u. Let s = x - 74. Calculate the greatest common divisor of s and v.
7
Suppose 2180 = 59*w - 63*w. Let d = -476 - w. What is the highest common divisor of d and 253?
23
Let i = -4528 + 4683. Calculate the greatest common divisor of i and 1829.
31
Let f(k) = 2*k**3 + 10*k**2 + 6*k - 3. Let w be f(-4). Suppose w = z - 20. Suppose z - 4 = r. What is the highest common factor of r and 42?
21
Suppose -c + 47 = 2*o, 2*c + o - 4 = 72. Calculate the greatest common divisor of c and 7700.
35
Let x = 922 + -175. Suppose -l = -4*v - 0*l + x, 741 = 4*v + l. What is the highest common factor of v and 310?
62
Let c be (26 - 29)/(2*(-1)/2). Suppose -2*q = -4*q + 3*l + 150, c*l + 6 = 0. What is the highest common divisor of q and 96?
24
Suppose 22*q = 27*q - 1430. Suppose -16*x + q = -5*x. What is the highest common factor of x and 104?
26
Let k be 284/(4 + 0) + 3. Let z = 3 + k. Suppose -4*t = -o - 97, -t - 3*o = 3*t - z. What is the greatest common divisor of 23 and t?
23
Suppose t - a - 3*a - 100 = 0, 4*t - 438 = -3*a. Suppose 0 = 5*p + 1 - 26. Suppose -t = -p*g - 13. Calculate the greatest common factor of g and 57.
19
Let w be -28*8/(-21)*(-42)/(-28). Let z = w + 89. Calculate the highest common divisor of z and 21.
21
Let o = -175 + 177. Suppose b + b = -3*x + 38, o = -b. Calculate the greatest common divisor of 28 and x.
14
Let y(z) = z**3 + 38*z**2 + 94*z + 203. Let p be y(-35). Calculate the greatest common factor of p and 84.
84
Let m(f) = 2*f**2 + 5*f - 4. Let s be m(-4). Let g(i) = -i - 17. Let n be g(s). Let b be (-8 - -2)/(-3) - n. Calculate the highest common divisor of 9 and b.
9
Let p(f) = 23*f - 71 + 172*f - 39*f + 35*f. Let j be p(4). Calculate the greatest common factor of 33 and j.
33
Let x be 8205/(-55) + (-5)/(55/(-2)). Let l = 159 + x. Suppose g + 39 = 5*c + 4*g, -3*c = -2*g - 12. Calculate the greatest common divisor of c and l.
2
Let g(j) = -j**3 + 43*j**2 - 31*j - 402. Let v be g(42). Calculate the greatest common factor of 1308 and v.
12
Let m = -969 + 975. Suppose 3*f - 5*k - 3 = 13, 4*k = 2*f - 12. Suppose -f*a + 3*i = -18, m - 4 = -a - 4*i. Calculate the highest common factor of a and 10.
2
Let d = -57 - -70. Let z(k) = 2*k - 28. Let o be z(d). Let b be 75/(-2)*(o + (-2)/5). Calculate the greatest common factor of b and 10.
10
Let x be 70 + 2/(-6) + 9/27. Let a(b) = 61*b**2 - b + 3. Let f be a(2). What is the highest common factor of x and f?
35
Let b(c) = -c**2 - 21*c - 71. Let o be b(-7). Suppose -6*d = -88 - 92. Suppose i - d = -3. Calculate the greatest common factor of i and o.
27
Let s(z) = 66*z - 1192. Let l be s(31). Calculate the highest common divisor of l and 56.
14
Suppose 3*z = -15, -s + 2*z - 266 = 300. Let n be (4/(60/25))/((-3)/s). What is the highest common divisor of n and 64?
64
Suppose 8*h - 82 - 30 = 0. Suppose 54*k - h*k = 10400. Calculate the greatest common factor of k and 325.
65
Let d(r) = 3*r**3 - r**2 - 3*r + 3. Let a be d(1). Let j(l) = 13*l - 11 - 13 - 1 + a. Let q be j(5). What is the highest common divisor of 21 and q?
21
Let v be 6*(819/14)/9 + -4. Let l(a) = -28*a - 6. Let q(i) = -1. Let w(z) = l(z) + q(z). Let x be w(-4). What is the highest common divisor of v and x?
35
Let d = -30 + -1. Let b = d + 35. Let c be b/14 + 89*5/35. Calculate the greatest common divisor of c and 104.
13
Suppose 0 = -2*d + 3*w + 419, -42*w = -3*d - 47*w + 619. What is the highest common divisor of 598 and d?
26
Let c(l) = -2*l**3 - 20*l**2 + 70*l + 864. Let n be c(-16). Calculate the greatest common factor of 572 and n.
44
Let r = 6075 - 6033. Calculate the greatest common divisor of r and 618.
6
Let l(p) = 57*p + 352. Let s be l(-6). Suppose -9*v - 57 = -s*v - 4*b, 33 = v - 4*b. What is the highest common divisor of 27 and v?
9
Let t(h) = 2*h**2 - 19*h + 6. Let y = -47 - -57. Let k be t(y). Suppose 132 = 19*r - k*r. Calculate the highest common divisor of 4 and r.
4
Let z = 3261 - 3199. What is the 